{"id":610,"date":"2022-11-18T12:05:58","date_gmt":"2022-11-18T11:05:58","guid":{"rendered":"http:\/\/lovsit.pl\/?page_id=610"},"modified":"2022-12-19T16:07:24","modified_gmt":"2022-12-19T15:07:24","slug":"sofy-new","status":"publish","type":"page","link":"http:\/\/lovsit.pl\/index.php\/sofy-new\/","title":{"rendered":"SOFY NEW"},"content":{"rendered":"\n<figure class=\"wp-block-image size-full m-0\"><img loading=\"lazy\" decoding=\"async\" width=\"2880\" height=\"994\" src=\"http:\/\/lovsit.pl\/wp-content\/uploads\/2022\/11\/baner-sofasx-2@2x-3.png\" alt=\"\" class=\"wp-image-762\" srcset=\"http:\/\/lovsit.pl\/wp-content\/uploads\/2022\/11\/baner-sofasx-2@2x-3.png 2880w, http:\/\/lovsit.pl\/wp-content\/uploads\/2022\/11\/baner-sofasx-2@2x-3-300x104.png 300w, http:\/\/lovsit.pl\/wp-content\/uploads\/2022\/11\/baner-sofasx-2@2x-3-1024x353.png 1024w, http:\/\/lovsit.pl\/wp-content\/uploads\/2022\/11\/baner-sofasx-2@2x-3-768x265.png 768w, http:\/\/lovsit.pl\/wp-content\/uploads\/2022\/11\/baner-sofasx-2@2x-3-1536x530.png 1536w, http:\/\/lovsit.pl\/wp-content\/uploads\/2022\/11\/baner-sofasx-2@2x-3-2048x707.png 2048w\" sizes=\"auto, (max-width: 2880px) 100vw, 2880px\" \/><\/figure>\n\n\n\n<div style=\"height:50px\" aria-hidden=\"true\" class=\"wp-block-spacer\"><\/div>\n\n\n\n<div class=\"wp-block-columns container is-layout-flex wp-container-core-columns-is-layout-9d6595d7 wp-block-columns-is-layout-flex\">\n<div class=\"wp-block-column border is-layout-flow wp-block-column-is-layout-flow\" style=\"flex-basis:203px\">\n<p class=\"has-text-align-center\"><a href=\"http:\/\/lovsit.pl\/index.php\/narozniki-new\"><strong>NARO\u017bNIKI<\/strong><\/a><\/p>\n<\/div>\n\n\n\n<div class=\"wp-block-column border is-layout-flow wp-block-column-is-layout-flow\" style=\"flex-basis:203px\">\n<p class=\"has-text-align-center\"><strong><a href=\"http:\/\/lovsit.pl\/index.php\/sofy-new\">SOFY<\/a><\/strong><\/p>\n<\/div>\n\n\n\n<div class=\"wp-block-column border is-layout-flow wp-block-column-is-layout-flow\" style=\"flex-basis:203px\">\n<p class=\"has-text-align-center\"><strong><a href=\"http:\/\/lovsit.pl\/index.php\/fotele-new\">FOTELE<\/a><\/strong><\/p>\n<\/div>\n<\/div>\n\n\n\n<div style=\"height:50px\" aria-hidden=\"true\" class=\"wp-block-spacer\"><\/div>\n\n\n\n<div class=\"wp-block-columns container is-layout-flex wp-container-core-columns-is-layout-9d6595d7 wp-block-columns-is-layout-flex\">\n<div class=\"wp-block-column is-layout-flow wp-block-column-is-layout-flow\">\n<div class=\"wp-block-columns is-layout-flex wp-container-core-columns-is-layout-9d6595d7 wp-block-columns-is-layout-flex\">\n<div class=\"wp-block-column is-layout-flow wp-block-column-is-layout-flow\">\n<figure class=\"wp-block-image size-full\"><a href=\"http:\/\/lovsit.pl\/index.php\/mika-4\"><img loading=\"lazy\" decoding=\"async\" width=\"790\" height=\"586\" src=\"http:\/\/lovsit.pl\/wp-content\/uploads\/2022\/11\/MIKA.png\" alt=\"\" class=\"wp-image-616\" srcset=\"http:\/\/lovsit.pl\/wp-content\/uploads\/2022\/11\/MIKA.png 790w, http:\/\/lovsit.pl\/wp-content\/uploads\/2022\/11\/MIKA-300x223.png 300w, http:\/\/lovsit.pl\/wp-content\/uploads\/2022\/11\/MIKA-768x570.png 768w\" sizes=\"auto, (max-width: 790px) 100vw, 790px\" \/><\/a><\/figure>\n\n\n\n<div class=\"wp-block-columns is-layout-flex wp-container-core-columns-is-layout-9d6595d7 wp-block-columns-is-layout-flex\">\n<div class=\"wp-block-column is-layout-flow wp-block-column-is-layout-flow\">\n<p><strong>Sofa Mika z pojemnikiem<\/strong><\/p>\n<\/div>\n\n\n\n<div class=\"wp-block-column is-layout-flow wp-block-column-is-layout-flow\" style=\"flex-basis:3vw\">\n<p class=\"has-text-align-right\"><strong>4031 z\u0142<\/strong><\/p>\n<\/div>\n<\/div>\n\n\n\n<p class=\"mt-1\">funkcja spania 3DL, spr\u0119\u017cyna falista, pianka wysokoelastyczna<\/p>\n<\/div>\n\n\n\n<div class=\"wp-block-column is-layout-flow wp-block-column-is-layout-flow\" style=\"flex-basis:2vw\"><\/div>\n\n\n\n<div class=\"wp-block-column is-layout-flow wp-block-column-is-layout-flow\">\n<figure class=\"wp-block-image size-full\"><a href=\"http:\/\/lovsit.pl\/index.php\/rio\"><img loading=\"lazy\" decoding=\"async\" width=\"800\" height=\"584\" src=\"http:\/\/lovsit.pl\/wp-content\/uploads\/2022\/11\/RIO.png\" alt=\"\" class=\"wp-image-617\" srcset=\"http:\/\/lovsit.pl\/wp-content\/uploads\/2022\/11\/RIO.png 800w, http:\/\/lovsit.pl\/wp-content\/uploads\/2022\/11\/RIO-300x219.png 300w, http:\/\/lovsit.pl\/wp-content\/uploads\/2022\/11\/RIO-768x561.png 768w\" sizes=\"auto, (max-width: 800px) 100vw, 800px\" \/><\/a><\/figure>\n\n\n\n<div class=\"wp-block-columns is-layout-flex wp-container-core-columns-is-layout-9d6595d7 wp-block-columns-is-layout-flex\">\n<div class=\"wp-block-column is-layout-flow wp-block-column-is-layout-flow\">\n<p><strong>Sofa Rio z pojemnikiem<\/strong><\/p>\n<\/div>\n\n\n\n<div class=\"wp-block-column is-layout-flow wp-block-column-is-layout-flow\" style=\"flex-basis:3vw\">\n<p class=\"has-text-align-right\"><strong>4362 z\u0142<\/strong><\/p>\n<\/div>\n<\/div>\n\n\n\n<p class=\"mt-1\">funkcja spania 3DL, spr\u0119\u017cyna falista<\/p>\n<\/div>\n\n\n\n<div class=\"wp-block-column is-layout-flow wp-block-column-is-layout-flow\" style=\"flex-basis:2vw\"><\/div>\n\n\n\n<div class=\"wp-block-column is-layout-flow wp-block-column-is-layout-flow\">\n<figure class=\"wp-block-image size-full\"><a href=\"http:\/\/lovsit.pl\/index.php\/aria\"><img loading=\"lazy\" decoding=\"async\" width=\"802\" height=\"584\" src=\"http:\/\/lovsit.pl\/wp-content\/uploads\/2022\/11\/ARIA.png\" alt=\"\" class=\"wp-image-618\" srcset=\"http:\/\/lovsit.pl\/wp-content\/uploads\/2022\/11\/ARIA.png 802w, http:\/\/lovsit.pl\/wp-content\/uploads\/2022\/11\/ARIA-300x218.png 300w, http:\/\/lovsit.pl\/wp-content\/uploads\/2022\/11\/ARIA-768x559.png 768w\" sizes=\"auto, (max-width: 802px) 100vw, 802px\" \/><\/a><\/figure>\n\n\n\n<div class=\"wp-block-columns is-layout-flex wp-container-core-columns-is-layout-9d6595d7 wp-block-columns-is-layout-flex\">\n<div class=\"wp-block-column is-layout-flow wp-block-column-is-layout-flow\">\n<p><strong>Sofa Aria z pojemnikiem<\/strong><\/p>\n<\/div>\n\n\n\n<div class=\"wp-block-column is-layout-flow wp-block-column-is-layout-flow\" style=\"flex-basis:3vw\">\n<p class=\"has-text-align-right\"><strong>4234 z\u0142<\/strong><\/p>\n<\/div>\n<\/div>\n\n\n\n<p class=\"mt-1\">funkcja spania 3DL, spr\u0119\u017cyna falista, noga drewniania<\/p>\n<\/div>\n<\/div>\n\n\n\n<div style=\"height:50px\" aria-hidden=\"true\" class=\"wp-block-spacer\"><\/div>\n\n\n\n<div class=\"wp-block-columns is-layout-flex wp-container-core-columns-is-layout-9d6595d7 wp-block-columns-is-layout-flex\">\n<div class=\"wp-block-column is-layout-flow wp-block-column-is-layout-flow\">\n<figure class=\"wp-block-image size-full\"><a href=\"http:\/\/lovsit.pl\/index.php\/larus\/\"><img loading=\"lazy\" decoding=\"async\" width=\"790\" height=\"584\" src=\"http:\/\/lovsit.pl\/wp-content\/uploads\/2022\/11\/LARUS.png\" alt=\"\" class=\"wp-image-624\" srcset=\"http:\/\/lovsit.pl\/wp-content\/uploads\/2022\/11\/LARUS.png 790w, http:\/\/lovsit.pl\/wp-content\/uploads\/2022\/11\/LARUS-300x222.png 300w, http:\/\/lovsit.pl\/wp-content\/uploads\/2022\/11\/LARUS-768x568.png 768w\" sizes=\"auto, (max-width: 790px) 100vw, 790px\" \/><\/a><\/figure>\n\n\n\n<div class=\"wp-block-columns is-layout-flex wp-container-core-columns-is-layout-9d6595d7 wp-block-columns-is-layout-flex\">\n<div class=\"wp-block-column is-layout-flow wp-block-column-is-layout-flow\">\n<p><strong>Sofa Larus z pojemnikiem<\/strong><\/p>\n<\/div>\n\n\n\n<div class=\"wp-block-column is-layout-flow wp-block-column-is-layout-flow\" style=\"flex-basis:3vw\">\n<p class=\"has-text-align-right\"><strong>2546 z\u0142<\/strong><\/p>\n<\/div>\n<\/div>\n\n\n\n<p class=\"mt-1\">funkcja spania W\u00d3ZEK3, spr\u0119\u017cyna falista<\/p>\n<\/div>\n\n\n\n<div class=\"wp-block-column is-layout-flow wp-block-column-is-layout-flow\" style=\"flex-basis:2vw\"><\/div>\n\n\n\n<div class=\"wp-block-column is-layout-flow wp-block-column-is-layout-flow\">\n<figure class=\"wp-block-image size-full\"><a href=\"http:\/\/lovsit.pl\/index.php\/rock\"><img loading=\"lazy\" decoding=\"async\" width=\"810\" height=\"584\" src=\"http:\/\/lovsit.pl\/wp-content\/uploads\/2022\/11\/ROCK.png\" alt=\"\" class=\"wp-image-625\" srcset=\"http:\/\/lovsit.pl\/wp-content\/uploads\/2022\/11\/ROCK.png 810w, http:\/\/lovsit.pl\/wp-content\/uploads\/2022\/11\/ROCK-300x216.png 300w, http:\/\/lovsit.pl\/wp-content\/uploads\/2022\/11\/ROCK-768x554.png 768w\" sizes=\"auto, (max-width: 810px) 100vw, 810px\" \/><\/a><\/figure>\n\n\n\n<div class=\"wp-block-columns is-layout-flex wp-container-core-columns-is-layout-9d6595d7 wp-block-columns-is-layout-flex\">\n<div class=\"wp-block-column is-layout-flow wp-block-column-is-layout-flow\">\n<p><strong>Sofa Rock z pojemnikiem<\/strong><\/p>\n<\/div>\n\n\n\n<div class=\"wp-block-column is-layout-flow wp-block-column-is-layout-flow\" style=\"flex-basis:3vw\">\n<p class=\"has-text-align-right\"><strong>3215 z\u0142<\/strong><\/p>\n<\/div>\n<\/div>\n\n\n\n<p class=\"mt-1\">funkcja spania 3DL, spr\u0119\u017cyna falista<\/p>\n<\/div>\n\n\n\n<div class=\"wp-block-column is-layout-flow wp-block-column-is-layout-flow\" style=\"flex-basis:2vw\"><\/div>\n\n\n\n<div class=\"wp-block-column is-layout-flow wp-block-column-is-layout-flow\"><\/div>\n<\/div>\n<\/div>\n<\/div>\n\n\n\n<div style=\"height:51px\" aria-hidden=\"true\" class=\"wp-block-spacer\"><\/div>\n\n\n\n<div class=\"wp-block-columns container is-layout-flex wp-container-core-columns-is-layout-9d6595d7 wp-block-columns-is-layout-flex\">\n<div class=\"wp-block-column is-layout-flow wp-block-column-is-layout-flow\">\n<h1 class=\"wp-block-heading\">Kolekcje<\/h1>\n\n\n\n<div class=\"wp-block-columns is-layout-flex wp-container-core-columns-is-layout-9d6595d7 wp-block-columns-is-layout-flex\">\n<div class=\"wp-block-column is-layout-flow wp-block-column-is-layout-flow\">\n<figure class=\"wp-block-image size-full\"><a href=\"http:\/\/lovsit.pl\/index.php\/sofy-new\"><img loading=\"lazy\" decoding=\"async\" width=\"790\" height=\"586\" src=\"http:\/\/lovsit.pl\/wp-content\/uploads\/2022\/12\/sofas@2x-3.png\" alt=\"\" class=\"wp-image-1207\" srcset=\"http:\/\/lovsit.pl\/wp-content\/uploads\/2022\/12\/sofas@2x-3.png 790w, http:\/\/lovsit.pl\/wp-content\/uploads\/2022\/12\/sofas@2x-3-300x223.png 300w, http:\/\/lovsit.pl\/wp-content\/uploads\/2022\/12\/sofas@2x-3-768x570.png 768w\" sizes=\"auto, (max-width: 790px) 100vw, 790px\" \/><\/a><\/figure>\n\n\n\n<p>Sofy<\/p>\n<\/div>\n\n\n\n<div class=\"wp-block-column is-layout-flow wp-block-column-is-layout-flow\" style=\"flex-basis:2vw\"><\/div>\n\n\n\n<div class=\"wp-block-column is-layout-flow wp-block-column-is-layout-flow\">\n<figure class=\"wp-block-image size-full\"><a href=\"http:\/\/lovsit.pl\/index.php\/narozniki-new\"><img loading=\"lazy\" decoding=\"async\" width=\"790\" height=\"584\" src=\"http:\/\/lovsit.pl\/wp-content\/uploads\/2022\/11\/photo@2x.png\" alt=\"\" class=\"wp-image-603\" srcset=\"http:\/\/lovsit.pl\/wp-content\/uploads\/2022\/11\/photo@2x.png 790w, http:\/\/lovsit.pl\/wp-content\/uploads\/2022\/11\/photo@2x-300x222.png 300w, http:\/\/lovsit.pl\/wp-content\/uploads\/2022\/11\/photo@2x-768x568.png 768w\" sizes=\"auto, (max-width: 790px) 100vw, 790px\" \/><\/a><\/figure>\n\n\n\n<p>Naro\u017cniki<\/p>\n<\/div>\n\n\n\n<div class=\"wp-block-column is-layout-flow wp-block-column-is-layout-flow\" style=\"flex-basis:2vw\"><\/div>\n\n\n\n<div class=\"wp-block-column is-layout-flow wp-block-column-is-layout-flow\">\n<figure class=\"wp-block-image size-full\"><a href=\"http:\/\/lovsit.pl\/index.php\/fotele-new\"><img loading=\"lazy\" decoding=\"async\" width=\"790\" height=\"586\" src=\"http:\/\/lovsit.pl\/wp-content\/uploads\/2022\/11\/mula@2x.png\" alt=\"\" class=\"wp-image-605\" srcset=\"http:\/\/lovsit.pl\/wp-content\/uploads\/2022\/11\/mula@2x.png 790w, http:\/\/lovsit.pl\/wp-content\/uploads\/2022\/11\/mula@2x-300x223.png 300w, http:\/\/lovsit.pl\/wp-content\/uploads\/2022\/11\/mula@2x-768x570.png 768w\" sizes=\"auto, (max-width: 790px) 100vw, 790px\" \/><\/a><\/figure>\n\n\n\n<p>Fotele<\/p>\n<\/div>\n<\/div>\n\n\n\n<div style=\"height:50px\" aria-hidden=\"true\" class=\"wp-block-spacer\"><\/div>\n<\/div>\n<\/div>\n\n\n\n<div class=\"wp-block-columns m-0 has-background is-layout-flex wp-container-core-columns-is-layout-9d6595d7 wp-block-columns-is-layout-flex\" style=\"background-color:#f6f6f6\">\n<div class=\"wp-block-column container is-layout-flow wp-block-column-is-layout-flow\">\n<div style=\"height:50px\" aria-hidden=\"true\" class=\"wp-block-spacer\"><\/div>\n\n\n\n<div class=\"wp-block-columns container is-layout-flex wp-container-core-columns-is-layout-9d6595d7 wp-block-columns-is-layout-flex\">\n<div class=\"wp-block-column is-vertically-aligned-center is-layout-flow wp-block-column-is-layout-flow\">\n<figure class=\"wp-block-image size-full is-resized\"><img loading=\"lazy\" decoding=\"async\" src=\"http:\/\/lovsit.pl\/wp-content\/uploads\/2022\/11\/lovsit-logo.png\" alt=\"\" class=\"wp-image-703\" width=\"119\" height=\"58\"\/><\/figure>\n<\/div>\n\n\n\n<div class=\"wp-block-column is-layout-flow wp-block-column-is-layout-flow\">\n<h2 class=\"wp-block-heading\" id=\"kontakt\">WAJNERT MEBLE sp. z o. o.<\/h2>\n\n\n\n<p>ul. Kolejowa 67 PL 56-513 Mi\u0119dzyb\u00f3rz<\/p>\n<\/div>\n\n\n\n<div class=\"wp-block-column is-layout-flow wp-block-column-is-layout-flow\">\n<h2 class=\"wp-block-heading\">Jeste\u015bmy tu dla Ciebie, skontaktuj si\u0119 z nami<\/h2>\n\n\n\n<p>E: bok@wajnert.pl T: +48 62 59 96 740<\/p>\n<\/div>\n<\/div>\n\n\n\n<div style=\"height:50px\" aria-hidden=\"true\" class=\"wp-block-spacer\"><\/div>\n<\/div>\n<\/div>\n","protected":false},"excerpt":{"rendered":"<p>NARO\u017bNIKI SOFY FOTELE Sofa Mika z pojemnikiem 4031 z\u0142 funkcja spania 3DL, spr\u0119\u017cyna falista, pianka wysokoelastyczna Sofa Rio z pojemnikiem 4362 z\u0142 funkcja spania 3DL, spr\u0119\u017cyna falista Sofa Aria z pojemnikiem 4234 z\u0142 funkcja spania 3DL, spr\u0119\u017cyna falista, noga drewniania Sofa Larus z pojemnikiem 2546 z\u0142 funkcja spania W\u00d3ZEK3, spr\u0119\u017cyna falista Sofa Rock z pojemnikiem [&hellip;]<\/p>\n","protected":false},"author":1,"featured_media":0,"parent":0,"menu_order":0,"comment_status":"closed","ping_status":"closed","template":"","meta":{"footnotes":""},"class_list":["post-610","page","type-page","status-publish","hentry"],"_links":{"self":[{"href":"http:\/\/lovsit.pl\/index.php\/wp-json\/wp\/v2\/pages\/610","targetHints":{"allow":["GET"]}}],"collection":[{"href":"http:\/\/lovsit.pl\/index.php\/wp-json\/wp\/v2\/pages"}],"about":[{"href":"http:\/\/lovsit.pl\/index.php\/wp-json\/wp\/v2\/types\/page"}],"author":[{"embeddable":true,"href":"http:\/\/lovsit.pl\/index.php\/wp-json\/wp\/v2\/users\/1"}],"replies":[{"embeddable":true,"href":"http:\/\/lovsit.pl\/index.php\/wp-json\/wp\/v2\/comments?post=610"}],"version-history":[{"count":31,"href":"http:\/\/lovsit.pl\/index.php\/wp-json\/wp\/v2\/pages\/610\/revisions"}],"predecessor-version":[{"id":1208,"href":"http:\/\/lovsit.pl\/index.php\/wp-json\/wp\/v2\/pages\/610\/revisions\/1208"}],"wp:attachment":[{"href":"http:\/\/lovsit.pl\/index.php\/wp-json\/wp\/v2\/media?parent=610"}],"curies":[{"name":"wp","href":"https:\/\/api.w.org\/{rel}","templated":true}]}}